he first derivative of h**4/2 + h**3 + h**2/2 - 4. What is q(u)?
-6
Let m(l) = -l**3 - 15*l**2 - l - 19. Let y = -422 + 407. Give m(y).
-4
Let o(d) be the third derivative of d**6/10 + d**4/12 - d**3/6 + d**2. Suppose 1366*s = 1362*s + 4. Determine o(s).
13
Let p(c) = 2*c - 11. Let o be p(7). Suppose -x - 2*n + 0 = 1, -3 = -o*n. Let b(g) = g**3 + 3*g**2 - 2*g - 1. Give b(x).
5
Let p(i) be the third derivative of -5*i**4/12 + i**3/6 - 2*i**2. Let y(s) = -2*s + 27. Suppose 2*z + 1 = 27. Let j be y(z). Determine p(j).
-9
Let j(m) = 3*m - 7. Let y(z) = -2*z + 6. Let w(g) = -5*j(g) - 6*y(g). Let b(a) = -a**3 + 7*a**2 - 8*a + 15. Let u be b(6). Suppose -3*h = u*h + 6. Give w(h).
2
Let p(l) = 2 - 2 + 4 + 3*l**2 + 2*l + 3*l**2 + l**3. Let k(f) be the second derivative of f**3/6 - 19*f**2/2 + 3*f. Let z be k(13). Determine p(z).
-8
Let f(a) be the second derivative of -a**3/2 + 3*a**2 + 2*a. Let s = -49 - -60. Suppose 2*g = 3*j + 3*g - s, 0 = 3*j - 3*g - 15. What is f(j)?
-6
Let d(p) = -p**3 - p + 3. Let s(m) = 7*m**3 + 7*m**2 + 7*m - 14. Let a(y) = -6*d(y) - s(y). Let j = 3 - 1. Suppose j = 2*c + 16. Give a(c).
3
Let s(j) be the third derivative of j**6/120 - j**5/12 + j**4/24 + 5*j**3/6 + 2*j**2 + 22*j. Calculate s(5).
10
Suppose 0 = -8*y + 10*y + 6. Let n be 3/(y/15*-3). Let o(u) = -3 + 5*u - u - n*u + 2*u. Determine o(-4).
-7
Let a be 36/9 + 1*-1. Suppose -2*y = a*y. Let v(z) = -1 + 3 + y - z + 2*z. Calculate v(-3).
-1
Let a(r) = -2*r - 1. Let u(z) = 77*z**2 - z + 2. Let w be u(1). Let o = -81 + w. Calculate a(o).
5
Let l(c) = -c**2 - 5*c - 3. Let q(o) = -o**2 + 4*o - 2. Let b be q(4). Let y be 12/(b + -2) - -3. Suppose y = -2*j - 12. Determine l(j).
-9
Let i = -874 + 866. Let h(y) = -y**2 - 6*y + 13. Calculate h(i).
-3
Let l(z) = 7*z + 4. Let v be (-8 + 6 - -1)/((-2)/(-6)). What is l(v)?
-17
Suppose -a = 2*o - 6 - 3, 3*a = 5*o - 28. Let b(x) = -6*x**2. Calculate b(a).
-6
Let d(m) = 1 - 9*m - m**2 + 2 + 20 + 2*m**2. Calculate d(4).
3
Let i(q) = -2*q + 5. Let r(k) = -k + 1. Let b(a) = -i(a) + 5*r(a). Let m = 314 - 313. Determine b(m).
-3
Let h(d) = -2*d + 3*d + d - d**2. Let a be (2/2 - 7)/(-2). Suppose -a*f = -3*n - 15, -4 = f - 3*n + 5*n. What is h(f)?
0
Let b be -6*3/24*8/(-3). Let r(d) = -d**3 + 0 - 8*d + 16*d + d**2 - 6*d + b. Determine r(-2).
10
Suppose 3*j + 3*m - 2*m = 20, 4*j = -2*m + 28. Suppose -3*z = -3 - j. Let a(w) = 8 - z + 3*w + w**2 - 3*w - w. Calculate a(0).
5
Let g(l) = 2*l - 3 - 3*l - 1. Suppose 2*k = 2*m + 3 + 3, -2*m - 12 = k. What is g(k)?
-2
Let v(x) = 9*x**2 - x - 4. Let a(b) = -7*b**2 + 4. Let s(n) = 4*a(n) + 3*v(n). What is s(-5)?
-6
Let n(x) = 2*x - 9. Let t(g) = g - 4. Let c(u) = 4*n(u) - 9*t(u). Let v = 5 - 0. Let m = v - 2. What is c(m)?
-3
Suppose 5 = a - 0*a. Suppose 17 = 4*y + a. Let q(l) = l**3 - 5*l**2 + 3*l + 3. What is q(y)?
-6
Suppose -3*o = -4*o + 2. Suppose -o*d = -4*d. Suppose d*w = -3*w + 18. Let i(y) = -y**3 + 5*y**2 + 5*y + 6. Calculate i(w).
0
Let d(f) = -4*f**3 + 13*f**2 - 4*f - 5. Let k(p) = 3*p**3 - 12*p**2 + 5*p + 4. Let x(m) = -2*d(m) - 3*k(m). Let j be 16/12 - 69/(-9). Determine x(j).
16
Let z(m) be the first derivative of m**5/60 - 5*m**4/24 - 5*m**3/6 + 11*m**2/2 - 8. Let t(r) be the second derivative of z(r). Give t(5).
-5
Let z(l) = -l**2 - 8*l + 3. Suppose 3*f + 4*f + 602 = 0. Let c = f + 79. Determine z(c).
10
Let o be 4/(-10) - (-92)/(-20). Let k(f) = f + 10. Determine k(o).
5
Let w(o) be the first derivative of o**2/2 + 7*o - 5516. Suppose 0 = d - 5 - 4. Let v = -14 + d. Give w(v).
2
Suppose 6 = -12*a + 13*a. Let y(v) = 14*v - 18*v + a*v. Calculate y(-1).
-2
Let m(b) = -2*b - 5. Let q = 193 + -201. Give m(q).
11
Let v(m) be the first derivative of m**3/3 - m**2/2 - 12*m - 394. Determine v(3).
-6
Let x(d) = 2*d**2 - 8*d + 7. Let v(s) = -s**3 - 7*s**2 - 5*s + 32. Let g be v(-4). Calculate x(g).
7
Let t(s) = -10*s + 316932 + 3*s - 316935. Calculate t(4).
-31
Let i(f) = -5*f**3 + f**2 - 3*f + 2. Let o(v) = -v**2 + 12*v + 14. Let r be o(13). Give i(r).
-5
Suppose 0 = -l + 2*p - 0 + 4, 0 = -3*p. Suppose n = -l*n. Let v(u) = 1 + 1 + 2*u + n. Determine v(2).
6
Let i(u) = u + 14. Let c be (-1 - 7 - 2)/2. Let d(p) = p + 13. Let k(w) = c*i(w) + 4*d(w). Let v be (0/19)/(2/(-4)*-4). What is k(v)?
-18
Suppose q = -18*h + 14*h - 4, -q = -5*h + 4. Let t(u) = u**3 + u - 22. What is t(h)?
-22
Let v(k) be the third derivative of k**8/20160 - k**6/144 - 7*k**5/30 + 30*k**2. Let r(m) be the third derivative of v(m). Determine r(0).
-5
Suppose -4*c + c + 12 = 0. Let s(m) = m**2 + 7*m + 6. Let t(q) = q**2 - 3. Let z be t(0). Let o(a) = a**2 + 7*a + 5. Let h(r) = c*s(r) + z*o(r). What is h(-6)?
3
Suppose -5*x - 4*m + 45 = 0, 0*x = -2*x - 5*m + 35. Let y(h) = x*h - h**2 + 3 - 2 - 2. What is y(2)?
5
Let d(x) be the first derivative of x**4/4 + 4*x**3/3 - 5*x**2 + 6*x + 114. Determine d(-6).
-6
Let d(j) = -j**3 - 4*j**2 + 6*j + 2. Let z = 28 + -24. Suppose a + z*a = -25. What is d(a)?
-3
Let b(c) = 2*c**3 - 2*c**2 - c. Let z(w) = -11*w**3 + 2*w**2 + 4*w - 4. Let f(q) = -5*b(q) - z(q). What is f(-8)?
-4
Suppose 4*l + 4 = 12. Let f(i) = -7 + 4*i + 0*i**2 - l*i**2 + 5 + i**2. What is f(2)?
2
Suppose -2*o = -21 + 3. Let t = 9 - o. Let u(z) = -z + 10. Determine u(t).
10
Suppose 2*n - 155 = -3*n. Suppose 5*l + 14 = -n. Let u(i) = i**2 + 10*i + 8. Determine u(l).
-1
Let v(g) = 2*g**2 + 3*g**2 - 1 + 3*g**3 - 4*g**2. Suppose -7*l + 349 = -533. Let j = l - 127. Calculate v(j).
-3
Let j(s) = s**2 - 5*s - 5. Let r(v) = v**2 - 3*v - 4. Let o(g) = 4*j(g) - 5*r(g). Determine o(-4).
4
Suppose -2*r + 24 = r. Let t(n) = -n**2 + 7*n + 7. Let z be t(r). Let i(f) = f**2 - f - 1. Let k be i(z). Let x(w) = 6*w**3 + 2*w**2 - 2*w + 1. Determine x(k).
7
Let d be -1*(90/(-3) + 4). Let x(g) = 7*g - 3 - 27*g**2 - 2*g + d*g**2 - g. Calculate x(3).
0
Suppose -3*q - 2*p = -4*p + 28, -2*q - p - 7 = 0. Let k be q/(-2)*(13 + -11). Let h(r) = -3*r + 7. What is h(k)?
-11
Let j be (3/(-5))/((-180)/200). Let u(z) be the third derivative of 0*z + 1/8*z**4 + j*z**3 + z**2 + 0 - 1/60*z**5. Give u(3).
4
Let r(b) = -14*b**2 + b**3 + 10*b**3 + 10*b**2 - 10*b**3 + 1 - 3*b + b. Calculate r(-2).
-19
Let j(o) = -9*o + 13. Let d(t) = 5*t - 7. Let x(r) = -11*d(r) - 6*j(r). Calculate x(0).
-1
Suppose -h = h + 12. Let k(b) be the second derivative of b**4/12 + 2*b**3/3 - 2*b**2 - 893*b + 2. What is k(h)?
8
Let m(u) = u**2 - 6*u - 7. Let b = -54 - -61. Let w be m(b). Let v(k) = k - 5. What is v(w)?
-5
Let q(p) be the first derivative of p**2/2 + 5*p - 75. Let j(d) = d**3 - 5*d**2 + 2*d + 2. Let a be j(3). Determine q(a).
-5
Let m(y) be the third derivative of -y**6/120 + 3*y**5/20 - 5*y**4/12 + 4*y**3/3 + 1176*y**2 + 2*y - 1. Let o = 11 - 3. Calculate m(o).
-8
Let d(v) = 1. Let w(g) = g - 11. Let n(i) = 44*d(i) + 4*w(i). Let r = 5299 - 5300. Give n(r).
-4
Let x(v) = -v**2 + 7*v - 6. Suppose 3*b - b = h + 16, 0 = -4*b - h + 20. Calculate x(b).
0
Let x be 1 + 45/(5 + -2). Let o = x + -16. Let g(f) = -f**3 + f**2 - f - 13. What is g(o)?
-13
Let n(j) = 7*j - 1. Let a(v) = v**2 - 28*v - 31. Let p be a(29). Calculate n(p).
-15
Let t(y) be the second derivative of -y**4/6 - 11*y**3/6 + 7*y**2/2 + 2*y - 109. Calculate t(-6).
1
Let v be (40 - 11) + 1 + 0. Let y(n) = 1 - 2*n + 2 + 31*n**3 - v*n**3. Calculate y(2).
7
Let u(v) be the third derivative of -v**4/24 + v**3/3 + 9*v**2. Suppose 0 = 5*w - 0*p + p - 11, -w + 7 = -p. Suppose 12 = -w*a - a. Give u(a).
5
Suppose 196 = 11*h + 185. Let p(q) = -9*q + 4. What is p(h)?
-5
Let n(b) = 3*b - 4. Suppose -49*s = -54*s. Suppose 3*g + 7 = 22, 2*l + 4*g - 36 = s. Give n(l).
20
Let b be (-14)/12 - (-6)/36. Let g(i) = 3*i**3 + 2*i**2 - i - 2. Give g(b).
-2
Let u(z) = -z**2 - z - 10. Let d(q) = q**3 - 6*q**2 - q + 6. Let m be d(6). Let b be ((-2 - m) + 2)/(-1). What is u(b)?
-10
Let s(x) = x**2 + 9*x + 1. Let i = 835 + -813. Let m = -54 - -26. Let l = m + i. Give s(l).
-17
Let n(j) = -6*j**2 + 17*j - 17. Let v(o) = -o**2 + 4*o - 4. Let u(c) = -2*n(c) + 9*v(c). Determine u(3).
31
Let n(b) = b**3 + b**2 + b + 5. Let o = 86 - 95. Let j be 3 - o*(-2)/6. Give n(j).
5
Let m = 53 + -50. Let l(o) be the second derivative of o**5/20 - o**4/3 + o**3/3 - 3*o**2/2 + 2*o. Let f be l(m). Let j(b) = -b**2 - 7*b - 3. Calculate j(f).
3
Let i(v) = -v + 2